r of 4525 and 10.
5
Calculate the greatest common divisor of 55 and 2.
1
Calculate the greatest common factor of 1022 and 406.
14
What is the highest common divisor of 237 and 553?
79
What is the greatest common factor of 3 and 138?
3
What is the greatest common factor of 9240 and 105?
105
What is the greatest common factor of 27 and 675?
27
What is the greatest common divisor of 7 and 346?
1
What is the greatest common divisor of 147 and 14?
7
What is the highest common divisor of 45 and 480?
15
Calculate the greatest common factor of 413 and 472.
59
What is the highest common factor of 243 and 54?
27
What is the greatest common factor of 184 and 2231?
23
What is the highest common divisor of 576 and 126?
18
Calculate the greatest common factor of 4899 and 759.
69
What is the highest common divisor of 10 and 1470?
10
Calculate the highest common divisor of 1161 and 2967.
129
Calculate the highest common divisor of 22 and 3454.
22
Calculate the greatest common factor of 190 and 475.
95
Calculate the highest common divisor of 187 and 121.
11
What is the highest common factor of 26 and 4017?
13
What is the greatest common factor of 24 and 321?
3
Calculate the greatest common divisor of 294 and 6.
6
Calculate the greatest common divisor of 1455 and 15.
15
Calculate the highest common divisor of 8 and 248.
8
What is the greatest common divisor of 1245 and 15?
15
What is the greatest common divisor of 44 and 374?
22
What is the greatest common divisor of 258 and 42054?
258
Calculate the highest common factor of 480 and 60.
60
Calculate the highest common factor of 46 and 253.
23
Calculate the greatest common divisor of 348 and 108.
12
What is the highest common factor of 10 and 955?
5
Calculate the greatest common divisor of 44 and 404.
4
What is the highest common divisor of 261 and 9?
9
What is the greatest common divisor of 12 and 54?
6
What is the highest common factor of 81 and 108?
27
What is the highest common divisor of 60 and 220?
20
Calculate the greatest common divisor of 190 and 15.
5
Calculate the highest common divisor of 80 and 608.
16
What is the greatest common divisor of 270 and 620?
10
Calculate the highest common factor of 2783 and 23.
23
Calculate the highest common divisor of 90 and 234.
18
Calculate the highest common divisor of 2 and 394.
2
Calculate the greatest common divisor of 51 and 1003.
17
What is the greatest common divisor of 161 and 667?
23
Calculate the greatest common divisor of 624 and 3003.
39
Calculate the greatest common divisor of 6 and 186.
6
What is the highest common factor of 133 and 3230?
19
Calculate the highest common divisor of 8 and 5108.
4
Calculate the greatest common factor of 9050 and 50.
50
What is the highest common divisor of 5 and 2640?
5
What is the highest common factor of 152 and 266?
38
What is the greatest common factor of 87 and 9?
3
Calculate the highest common divisor of 960 and 330.
30
Calculate the highest common divisor of 4632 and 96.
24
Calculate the greatest common factor of 22 and 12166.
22
Calculate the highest common divisor of 87 and 319.
29
What is the highest common divisor of 511 and 365?
73
What is the highest common factor of 118 and 767?
59
What is the greatest common factor of 30 and 50?
10
What is the highest common factor of 4875 and 624?
39
Calculate the highest common factor of 9100 and 4004.
364
Calculate the highest common factor of 31 and 124.
31
What is the greatest common factor of 2438 and 276?
46
Calculate the highest common factor of 28 and 25214.
14
Calculate the highest common divisor of 33 and 264.
33
What is the greatest common divisor of 1155 and 847?
77
What is the highest common divisor of 153 and 36?
9
Calculate the highest common divisor of 238 and 153.
17
Calculate the greatest common factor of 64 and 2.
2
Calculate the highest common factor of 145 and 18560.
145
Calculate the greatest common divisor of 724 and 543.
181
Calculate the greatest common factor of 8257 and 2513.
359
What is the highest common divisor of 2211 and 88?
11
What is the greatest common divisor of 576 and 216?
72
Calculate the greatest common divisor of 1738 and 110.
22
What is the highest common divisor of 64 and 640?
64
What is the greatest common divisor of 200 and 280?
40
Calculate the highest common factor of 454 and 8.
2
What is the greatest common factor of 963 and 36?
9
Calculate the greatest common divisor of 162 and 9522.
18
Calculate the greatest common divisor of 5922 and 36.
18
What is the greatest common factor of 108 and 513?
27
What is the highest common factor of 21 and 3311?
7
Calculate the highest common factor of 488 and 136.
8
What is the highest common divisor of 13 and 34931?
13
What is the greatest common divisor of 289 and 34?
17
What is the greatest common factor of 93 and 372?
93
What is the greatest common divisor of 36 and 180?
36
What is the highest common divisor of 12 and 284?
4
Calculate the greatest common divisor of 69 and 4623.
69
What is the greatest common divisor of 980 and 945?
35
What is the greatest common divisor of 455 and 208?
13
What is the highest common divisor of 258 and 30?
6
What is the highest common factor of 1170 and 5490?
90
What is the greatest common divisor of 2754 and 2601?
153
What is the highest common divisor of 2205 and 42?
21
Calculate the greatest common divisor of 519 and 27.
3
Calculate the highest common divisor of 2976 and 1581.
93
Calculate the highest common divisor of 384 and 6.
6
What is the highest common factor of 264 and 156?
12
What is the highest common factor of 41 and 41?
41
Calculate the highest common divisor of 23 and 5543.
23
Calculate the highest common divisor of 10710 and 14.
14
What is the highest common factor of 480 and 360?
120
What is the highest common divisor of 4046 and 350?
14
Calculate the highest common divisor of 94 and 2.
2
What is the highest common factor of 828 and 108?
36
What is the greatest common factor of 411 and 39?
3
Calculate the highest common factor of 629 and 51.
17
Calculate the greatest common factor of 2756 and 416.
52
Calculate the greatest common factor of 1441 and 8253.
131
What is the highest common factor of 622 and 1?
1
Calculate the highest common divisor of 2890 and 20.
10
What is the greatest common factor of 162 and 31752?
162
What is the greatest common divisor of 1107 and 27?
27
What is the highest common divisor of 8771 and 343?
49
What is the greatest common factor of 102 and 4335?
51
Calculate the greatest common divisor of 2528 and 96.
32
Calculate the highest common factor of 6 and 274.
2
What is the highest common divisor of 64 and 76?
4
Calculate the highest common factor of 100 and 8300.
100
Calculate the greatest common divisor of 8 and 628.
4
What is the highest common divisor of 52 and 1508?
52
Calculate the highest common factor of 2449 and 31.
31
Calculate the highest common factor of 30 and 480.
30
Calculate the greatest common factor of 86 and 8428.
86
What is the greatest common divisor of 5 and 2965?
5
What is the highest common factor of 58 and 986?
58
What is the highest common factor of 150 and 1986?
6
What is the highest common factor of 69 and 1587?
69
Calculate the greatest common divisor of 79 and 79.
79
Calculate the greatest common factor of 82 and 3854.
82
What is the highest common divisor of 68 and 34?
34
What is the highest common factor of 137561 and 151?
151
Calculate the highest common divisor of 361 and 133.
19
Calculate the highest common factor of 1876 and 28.
28
Calculate the highest common factor of 15 and 4215.
15
Calculate the highest common factor of 360 and 4440.
120
Calculate the highest common factor of 2074 and 153.
17
Calculate the highest common divisor of 1608 and 120.
24
What is the greatest common divisor of 256 and 48?
16
What is the highest common divisor of 2 and 171?
1
What is the highest common factor of 70 and 1155?
35
Calculate the greatest common factor of 55 and 9042.
11
Calculate the greatest common factor of 310 and 200.
10
What is the greatest common divisor of 88 and 3800?
8
Calculate the highest common divisor of 589 and 38.
19
What is the highest common divisor of 194 and 776?
194
Calculate the highest common factor of 333 and 63.
9
Calculate the greatest common divisor of 210 a